{"id":23300,"date":"2021-03-07T19:20:10","date_gmt":"2021-03-07T18:20:10","guid":{"rendered":"https:\/\/ortodegliulivi.it\/prodotto\/toskanisches-bio-oel-in-einer-flasche-500ml\/"},"modified":"2024-03-05T12:28:04","modified_gmt":"2024-03-05T11:28:04","slug":"ol-bio-toskana-evo-500ml","status":"publish","type":"product","link":"https:\/\/ortodegliulivi.it\/de\/prodotto\/ol-bio-toskana-evo-500ml\/","title":{"rendered":"Italienisches Bio-\u00d6l in einer Flasche 500ml"},"content":{"rendered":"<p style=\"text-align: center;\"><strong>Unser Bio-Oliven\u00f6l extra vergine<\/strong> respektiert die Umwelt und unser geliebtes Italien. Es wird aus italienischen Oliven gewonnen, die ausschlie\u00dflich aus<strong> kontrolliert biologischem Anbau<\/strong> stammen. Sie wurde geschaffen, um die Bed\u00fcrfnisse aller Liebhaber von zertifizierten Produkten zu erf\u00fcllen, die mit Respekt f\u00fcr unser Land hergestellt werden.<\/p>\n<p>Das italienische Bio-Oliven\u00f6l Orto degli Ulivi hat eine leuchtend gr\u00fcne Farbe mit goldenen Reflexen. Mit seinem weichen und delikaten Geschmack eignet er sich zum W\u00fcrzen delikater Gerichte. Aufgrund der hohen Qualit\u00e4t, mit der es hergestellt wird, und der feinen Noten, die es charakterisieren, ist unser<strong> italienisches BIO-\u00d6l<\/strong> besonders f\u00fcr die Ern\u00e4hrung von Kindern geeignet, ein Nahrungsmittel, das die Gesundheit von K\u00f6rper und Geist sch\u00fctzt und pflegt.<\/p>\n<p>KALTEXTRAKT<\/p>\n<p><strong>Probieren Sie es nach italienischer Tradition!<\/strong><\/p>\n<ul>\n<li>La Fett&#8217;unta<\/li>\n<li>Nudeln und Kichererbsen mit EVO-\u00d6l<\/li>\n<\/ul>\n<h3>Ein paar Bilder, wo unser italienisches Bio\u00f6l hergestellt wird<\/h3>\n\n\t\t<style type=\"text\/css\">\n\t\t\t#gallery-1 {\n\t\t\t\tmargin: auto;\n\t\t\t}\n\t\t\t#gallery-1 .gallery-item {\n\t\t\t\tfloat: left;\n\t\t\t\tmargin-top: 10px;\n\t\t\t\ttext-align: center;\n\t\t\t\twidth: 33%;\n\t\t\t}\n\t\t\t#gallery-1 img {\n\t\t\t\tborder: 2px solid #cfcfcf;\n\t\t\t}\n\t\t\t#gallery-1 .gallery-caption {\n\t\t\t\tmargin-left: 0;\n\t\t\t}\n\t\t\t\/* see gallery_shortcode() in wp-includes\/media.php *\/\n\t\t<\/style>\n\t\t<div id='gallery-1' class='gallery galleryid-23300 gallery-columns-3 gallery-size-thumbnail'><dl class='gallery-item'>\n\t\t\t<dt class='gallery-icon landscape'>\n\t\t\t\t<img loading=\"lazy\" decoding=\"async\" width=\"150\" height=\"150\" src=\"https:\/\/b2955851.smushcdn.com\/2955851\/wp-content\/uploads\/2015\/05\/98786352ab62965a07c516ba5d449e8a-150x150.jpg?lossy=1&strip=1&avif=1\" class=\"attachment-thumbnail size-thumbnail\" alt=\"Gemma che contempla gli animali che vivono all&#039;Orto degli Ulivi\" aria-describedby=\"gallery-1-21900\" srcset=\"https:\/\/b2955851.smushcdn.com\/2955851\/wp-content\/uploads\/2015\/05\/98786352ab62965a07c516ba5d449e8a-150x150.jpg?lossy=1&strip=1&avif=1 150w, https:\/\/b2955851.smushcdn.com\/2955851\/wp-content\/uploads\/2015\/05\/98786352ab62965a07c516ba5d449e8a-300x300.jpg?lossy=1&strip=1&avif=1 300w, https:\/\/b2955851.smushcdn.com\/2955851\/wp-content\/uploads\/2015\/05\/98786352ab62965a07c516ba5d449e8a-100x100.jpg?lossy=1&strip=1&avif=1 100w, https:\/\/b2955851.smushcdn.com\/2955851\/wp-content\/uploads\/2015\/05\/98786352ab62965a07c516ba5d449e8a-300x300.jpg?size=30x30&lossy=1&strip=1&avif=1 30w\" sizes=\"(max-width: 150px) 100vw, 150px\" \/>\n\t\t\t<\/dt>\n\t\t\t\t<dd class='wp-caption-text gallery-caption' id='gallery-1-21900'>\n\t\t\t\tContadini e Ulivete, nasce cos\u00ec il nostro Bio.\n\t\t\t\t<\/dd><\/dl><dl class='gallery-item'>\n\t\t\t<dt class='gallery-icon landscape'>\n\t\t\t\t<img loading=\"lazy\" decoding=\"async\" width=\"150\" height=\"150\" src=\"https:\/\/b2955851.smushcdn.com\/2955851\/wp-content\/uploads\/2011\/01\/5fa21cd9e0d2531a2f1dfdffbab46f70-150x150.jpg?lossy=1&strip=1&avif=1\" class=\"attachment-thumbnail size-thumbnail\" alt=\"Silhouette eines Bergdorfs mit T\u00fcrmen und Zypressen in der Morgend\u00e4mmerung, umgeben von Nebel und Baumschichten, unter einem sanften orange-rosa Himmel.\" aria-describedby=\"gallery-1-21720\" srcset=\"https:\/\/b2955851.smushcdn.com\/2955851\/wp-content\/uploads\/2011\/01\/5fa21cd9e0d2531a2f1dfdffbab46f70-150x150.jpg?lossy=1&strip=1&avif=1 150w, https:\/\/b2955851.smushcdn.com\/2955851\/wp-content\/uploads\/2011\/01\/5fa21cd9e0d2531a2f1dfdffbab46f70-300x300.jpg?lossy=1&strip=1&avif=1 300w, https:\/\/b2955851.smushcdn.com\/2955851\/wp-content\/uploads\/2011\/01\/5fa21cd9e0d2531a2f1dfdffbab46f70-100x100.jpg?lossy=1&strip=1&avif=1 100w, https:\/\/b2955851.smushcdn.com\/2955851\/wp-content\/uploads\/2011\/01\/5fa21cd9e0d2531a2f1dfdffbab46f70-300x300.jpg?size=30x30&lossy=1&strip=1&avif=1 30w\" sizes=\"(max-width: 150px) 100vw, 150px\" \/>\n\t\t\t<\/dt>\n\t\t\t\t<dd class='wp-caption-text gallery-caption' id='gallery-1-21720'>\n\t\t\t\tIn questo microclima nasce il nostro Olio Bio Toscano\n\t\t\t\t<\/dd><\/dl><dl class='gallery-item'>\n\t\t\t<dt class='gallery-icon landscape'>\n\t\t\t\t<img loading=\"lazy\" decoding=\"async\" width=\"150\" height=\"150\" src=\"https:\/\/b2955851.smushcdn.com\/2955851\/wp-content\/uploads\/2009\/07\/eb6c7c01c4e98e1f2578f9959463b973-150x150.jpg?lossy=1&strip=1&avif=1\" class=\"attachment-thumbnail size-thumbnail\" alt=\"Il nostro &#039;Olio Extra Vergine d&#039;oliva Bio nasce in questa Uliveta!\" aria-describedby=\"gallery-1-21520\" srcset=\"https:\/\/b2955851.smushcdn.com\/2955851\/wp-content\/uploads\/2009\/07\/eb6c7c01c4e98e1f2578f9959463b973-150x150.jpg?lossy=1&strip=1&avif=1 150w, https:\/\/b2955851.smushcdn.com\/2955851\/wp-content\/uploads\/2009\/07\/eb6c7c01c4e98e1f2578f9959463b973-300x300.jpg?lossy=1&strip=1&avif=1 300w, https:\/\/b2955851.smushcdn.com\/2955851\/wp-content\/uploads\/2009\/07\/eb6c7c01c4e98e1f2578f9959463b973-100x100.jpg?lossy=1&strip=1&avif=1 100w, https:\/\/b2955851.smushcdn.com\/2955851\/wp-content\/uploads\/2009\/07\/eb6c7c01c4e98e1f2578f9959463b973-300x300.jpg?size=30x30&lossy=1&strip=1&avif=1 30w\" sizes=\"(max-width: 150px) 100vw, 150px\" \/>\n\t\t\t<\/dt>\n\t\t\t\t<dd class='wp-caption-text gallery-caption' id='gallery-1-21520'>\n\t\t\t\tIl nostro Olio Bio nasce in questa Uliveta!\n\t\t\t\t<\/dd><\/dl><br style=\"clear: both\" \/>\n\t\t<\/div>\n\n<p>Die sehr hohe Qualit\u00e4t unserer Produkte hat ihren Ursprung im Respekt vor der Umwelt und der Natur, in der wir leben. Als wir im Olivengarten ankamen, haben wir uns eine sehr einfache Aufgabe gestellt: Wir wollten die H\u00fcter einer Umwelt und einer Lebensweise werden, die in gr\u00f6\u00dftm\u00f6glichem Einklang mit der Natur steht. Das Produkt, das wir in diesem Teil Italiens erhalten, ist die nat\u00fcrliche Folge unserer t\u00e4glichen Arbeit in engem Kontakt mit dem Land und den Pflanzen, die uns diese au\u00dfergew\u00f6hnlichen Aromen zur\u00fcckgeben, die unser \u00d6l nicht zu einem der vielen in Italien hergestellten \u00d6le machen, sondern zum wertvollsten unter ihnen.<\/p>\n<h3>In Italien erzeugte Bio-\u00d6le sind besser<\/h3>\n<p data-pm-slice=\"1 1 []\">Erleben Sie die frische, kr\u00e4ftige Essenz des besten italienischen \u00d6ls. Unser Bio-\u00d6l, das vollst\u00e4ndig in Italien nach h\u00f6chsten Qualit\u00e4tsstandards hergestellt wird, f\u00e4ngt den besonderen Geschmack dieser legend\u00e4ren Region ein. Mit seinem delikaten und doch komplexen Geruch und Geschmack werden Sie jeden Moment genie\u00dfen, w\u00e4hrend Sie jeden Schluck probieren. Die einzigartige Mischung echter italienischer Rebsorten wie Frantoio, Moraiolo und Leccino verleiht dem Wein eine unverwechselbare, eichen\u00e4hnliche, krautige F\u00fclle, die anderswo ihresgleichen sucht. Erleben Sie nur das Beste aus Italien mit unserem italienischen Bio-\u00d6l: der wahre Luxus des Lebens!<\/p>\n","protected":false},"excerpt":{"rendered":"<p>Gewonnen aus zertifizierten Bio-Oliven aus unserem Podere (7 ha). Leicht-mittlere Fruchtigkeit, Jahrgang 2022\/2023.<br \/>\nKALTEXTRAKT, gefiltert und vor Licht, Sauerstoff und W\u00e4rmequellen gesch\u00fctzt gelagert.<\/p>\n","protected":false},"featured_media":22036,"comment_status":"open","ping_status":"closed","template":"","meta":{"_et_pb_use_builder":"","_et_pb_old_content":"","_et_gb_content_width":""},"product_brand":[],"product_cat":[488],"product_tag":[493,495,509,510],"class_list":{"0":"post-23300","1":"product","2":"type-product","3":"status-publish","4":"has-post-thumbnail","6":"product_cat-organisches-evo-ol","7":"product_tag-bio-ol","8":"product_tag-evo-ol","9":"product_tag-italienisches-bio-ol","10":"product_tag-italienisches-ol","12":"first","13":"instock","14":"sale","15":"shipping-taxable","16":"purchasable","17":"product-type-simple"},"ams_default_variation_id":0,"ams_product_points_reward":[],"ams_product_discount_percentage":25,"ams_price_to_display":12,"ams_acf":[],"_links":{"self":[{"href":"https:\/\/ortodegliulivi.it\/de\/wp-json\/wp\/v2\/product\/23300","targetHints":{"allow":["GET"]}}],"collection":[{"href":"https:\/\/ortodegliulivi.it\/de\/wp-json\/wp\/v2\/product"}],"about":[{"href":"https:\/\/ortodegliulivi.it\/de\/wp-json\/wp\/v2\/types\/product"}],"replies":[{"embeddable":true,"href":"https:\/\/ortodegliulivi.it\/de\/wp-json\/wp\/v2\/comments?post=23300"}],"wp:featuredmedia":[{"embeddable":true,"href":"https:\/\/ortodegliulivi.it\/de\/wp-json\/wp\/v2\/media\/22036"}],"wp:attachment":[{"href":"https:\/\/ortodegliulivi.it\/de\/wp-json\/wp\/v2\/media?parent=23300"}],"wp:term":[{"taxonomy":"product_brand","embeddable":true,"href":"https:\/\/ortodegliulivi.it\/de\/wp-json\/wp\/v2\/product_brand?post=23300"},{"taxonomy":"product_cat","embeddable":true,"href":"https:\/\/ortodegliulivi.it\/de\/wp-json\/wp\/v2\/product_cat?post=23300"},{"taxonomy":"product_tag","embeddable":true,"href":"https:\/\/ortodegliulivi.it\/de\/wp-json\/wp\/v2\/product_tag?post=23300"}],"curies":[{"name":"wp","href":"https:\/\/api.w.org\/{rel}","templated":true}]}}

Italienisches Bio-Öl in einer Flasche 500ml

<p style="text-align: center;"><strong>Unser Bio-Olivenöl extra vergine</strong> respektiert die Umwelt und unser geliebtes Italien. Es wird aus italienischen Oliven gewonnen, die ausschließlich aus<strong> kontrolliert biologischem Anbau</strong> stammen. Sie wurde geschaffen, um die Bedürfnisse aller Liebhaber von zertifizierten Produkten zu erfüllen, die mit Respekt für unser Land hergestellt werden.</p>
<p>Das italienische Bio-Olivenöl Orto degli Ulivi hat eine leuchtend grüne Farbe mit goldenen Reflexen. Mit seinem weichen und delikaten Geschmack eignet er sich zum Würzen delikater Gerichte. Aufgrund der hohen Qualität, mit der es hergestellt wird, und der feinen Noten, die es charakterisieren, ist unser<strong> italienisches BIO-Öl</strong> besonders für die Ernährung von Kindern geeignet, ein Nahrungsmittel, das die Gesundheit von Körper und Geist schützt und pflegt.</p>
<p>KALTEXTRAKT</p>
<p><strong>Probieren Sie es nach italienischer Tradition!</strong></p>
<ul>
<li>La Fett&#8217;unta</li>
<li>Nudeln und Kichererbsen mit EVO-Öl</li>
</ul>
<h3>Ein paar Bilder, wo unser italienisches Bioöl hergestellt wird</h3>

		<style type="text/css">
			#gallery-1 {
				margin: auto;
			}
			#gallery-1 .gallery-item {
				float: left;
				margin-top: 10px;
				text-align: center;
				width: 33%;
			}
			#gallery-1 img {
				border: 2px solid #cfcfcf;
			}
			#gallery-1 .gallery-caption {
				margin-left: 0;
			}
			/* see gallery_shortcode() in wp-includes/media.php */
		</style>
		<div id='gallery-1' class='gallery galleryid-23300 gallery-columns-3 gallery-size-thumbnail'><dl class='gallery-item'>
			<dt class='gallery-icon landscape'>
				<img loading="lazy" decoding="async" width="150" height="150" src="https://b2955851.smushcdn.com/2955851/wp-content/uploads/2015/05/98786352ab62965a07c516ba5d449e8a-150x150.jpg?lossy=1&strip=1&avif=1" class="attachment-thumbnail size-thumbnail" alt="Gemma che contempla gli animali che vivono all&#039;Orto degli Ulivi" aria-describedby="gallery-1-21900" srcset="https://b2955851.smushcdn.com/2955851/wp-content/uploads/2015/05/98786352ab62965a07c516ba5d449e8a-150x150.jpg?lossy=1&strip=1&avif=1 150w, https://b2955851.smushcdn.com/2955851/wp-content/uploads/2015/05/98786352ab62965a07c516ba5d449e8a-300x300.jpg?lossy=1&strip=1&avif=1 300w, https://b2955851.smushcdn.com/2955851/wp-content/uploads/2015/05/98786352ab62965a07c516ba5d449e8a-100x100.jpg?lossy=1&strip=1&avif=1 100w, https://b2955851.smushcdn.com/2955851/wp-content/uploads/2015/05/98786352ab62965a07c516ba5d449e8a-300x300.jpg?size=30x30&lossy=1&strip=1&avif=1 30w" sizes="(max-width: 150px) 100vw, 150px" />
			</dt>
				<dd class='wp-caption-text gallery-caption' id='gallery-1-21900'>
				Contadini e Ulivete, nasce così il nostro Bio.
				</dd></dl><dl class='gallery-item'>
			<dt class='gallery-icon landscape'>
				<img loading="lazy" decoding="async" width="150" height="150" src="https://b2955851.smushcdn.com/2955851/wp-content/uploads/2011/01/5fa21cd9e0d2531a2f1dfdffbab46f70-150x150.jpg?lossy=1&strip=1&avif=1" class="attachment-thumbnail size-thumbnail" alt="Silhouette eines Bergdorfs mit Türmen und Zypressen in der Morgendämmerung, umgeben von Nebel und Baumschichten, unter einem sanften orange-rosa Himmel." aria-describedby="gallery-1-21720" srcset="https://b2955851.smushcdn.com/2955851/wp-content/uploads/2011/01/5fa21cd9e0d2531a2f1dfdffbab46f70-150x150.jpg?lossy=1&strip=1&avif=1 150w, https://b2955851.smushcdn.com/2955851/wp-content/uploads/2011/01/5fa21cd9e0d2531a2f1dfdffbab46f70-300x300.jpg?lossy=1&strip=1&avif=1 300w, https://b2955851.smushcdn.com/2955851/wp-content/uploads/2011/01/5fa21cd9e0d2531a2f1dfdffbab46f70-100x100.jpg?lossy=1&strip=1&avif=1 100w, https://b2955851.smushcdn.com/2955851/wp-content/uploads/2011/01/5fa21cd9e0d2531a2f1dfdffbab46f70-300x300.jpg?size=30x30&lossy=1&strip=1&avif=1 30w" sizes="(max-width: 150px) 100vw, 150px" />
			</dt>
				<dd class='wp-caption-text gallery-caption' id='gallery-1-21720'>
				In questo microclima nasce il nostro Olio Bio Toscano
				</dd></dl><dl class='gallery-item'>
			<dt class='gallery-icon landscape'>
				<img loading="lazy" decoding="async" width="150" height="150" src="https://b2955851.smushcdn.com/2955851/wp-content/uploads/2009/07/eb6c7c01c4e98e1f2578f9959463b973-150x150.jpg?lossy=1&strip=1&avif=1" class="attachment-thumbnail size-thumbnail" alt="Il nostro &#039;Olio Extra Vergine d&#039;oliva Bio nasce in questa Uliveta!" aria-describedby="gallery-1-21520" srcset="https://b2955851.smushcdn.com/2955851/wp-content/uploads/2009/07/eb6c7c01c4e98e1f2578f9959463b973-150x150.jpg?lossy=1&strip=1&avif=1 150w, https://b2955851.smushcdn.com/2955851/wp-content/uploads/2009/07/eb6c7c01c4e98e1f2578f9959463b973-300x300.jpg?lossy=1&strip=1&avif=1 300w, https://b2955851.smushcdn.com/2955851/wp-content/uploads/2009/07/eb6c7c01c4e98e1f2578f9959463b973-100x100.jpg?lossy=1&strip=1&avif=1 100w, https://b2955851.smushcdn.com/2955851/wp-content/uploads/2009/07/eb6c7c01c4e98e1f2578f9959463b973-300x300.jpg?size=30x30&lossy=1&strip=1&avif=1 30w" sizes="(max-width: 150px) 100vw, 150px" />
			</dt>
				<dd class='wp-caption-text gallery-caption' id='gallery-1-21520'>
				Il nostro Olio Bio nasce in questa Uliveta!
				</dd></dl><br style="clear: both" />
		</div>

<p>Die sehr hohe Qualität unserer Produkte hat ihren Ursprung im Respekt vor der Umwelt und der Natur, in der wir leben. Als wir im Olivengarten ankamen, haben wir uns eine sehr einfache Aufgabe gestellt: Wir wollten die Hüter einer Umwelt und einer Lebensweise werden, die in größtmöglichem Einklang mit der Natur steht. Das Produkt, das wir in diesem Teil Italiens erhalten, ist die natürliche Folge unserer täglichen Arbeit in engem Kontakt mit dem Land und den Pflanzen, die uns diese außergewöhnlichen Aromen zurückgeben, die unser Öl nicht zu einem der vielen in Italien hergestellten Öle machen, sondern zum wertvollsten unter ihnen.</p>
<h3>In Italien erzeugte Bio-Öle sind besser</h3>
<p data-pm-slice="1 1 []">Erleben Sie die frische, kräftige Essenz des besten italienischen Öls. Unser Bio-Öl, das vollständig in Italien nach höchsten Qualitätsstandards hergestellt wird, fängt den besonderen Geschmack dieser legendären Region ein. Mit seinem delikaten und doch komplexen Geruch und Geschmack werden Sie jeden Moment genießen, während Sie jeden Schluck probieren. Die einzigartige Mischung echter italienischer Rebsorten wie Frantoio, Moraiolo und Leccino verleiht dem Wein eine unverwechselbare, eichenähnliche, krautige Fülle, die anderswo ihresgleichen sucht. Erleben Sie nur das Beste aus Italien mit unserem italienischen Bio-Öl: der wahre Luxus des Lebens!</p>

<p>Gewonnen aus zertifizierten Bio-Oliven aus unserem Podere (7 ha). Leicht-mittlere Fruchtigkeit, Jahrgang 2022/2023.<br />
KALTEXTRAKT, gefiltert und vor Licht, Sauerstoff und Wärmequellen geschützt gelagert.</p>
